t t(k) = 5*j(k) + 2*w(k). Let g be t(6). What is h(g)?
-5
Let z(s) = -s**2 - s + 5. Let m = -15 - -5. Let t be -1*4 + m/(-5). Let o be (t - (-5)/2)*-8. Determine z(o).
-7
Let n = -12 - -2. Let p = 14 - 13. Let k be (p - 2)/((-5)/n). Let d(v) = v**3 + 3*v**2 - v + 1. Determine d(k).
7
Let j be (60/50)/((-2)/(-15)). Let o(u) = j - u - 15 + 2*u. Determine o(6).
0
Suppose -4*t + 9*t + 20 = 4*n, 4*t + 16 = -3*n. Let f be 2 - (1 - (2 - 0)). Let j(h) = -6 - 2*h - f + 3. What is j(t)?
2
Let d(b) = 1 - 2*b + 3 - 4. Let v be (0 - (-6)/(-2)) + -51. Let m be v/(-10) - (-16)/(-40). Give d(m).
-10
Let w(l) be the second derivative of l**4/12 - l**3/6 - 5*l**2 - l. Calculate w(0).
-10
Let o(r) = -r + 5. Let h be o(13). Let n be h/12 - 14/6. Let v(d) = -d**3 - 3*d**2 + 1. Calculate v(n).
1
Let v = 9 + -3. Let z = -8 + v. Let n(q) = -5*q - 1. Determine n(z).
9
Let w = 17 - 21. Let b(u) be the first derivative of -u**3/3 - 3*u**2 + 5*u - 1. Determine b(w).
13
Let g = 17 + -9. Let u(w) = w**3 - 8*w**2 + w - 9. Let f be u(g). Let h(b) = -b + 6*b + 2*b**3 - 2*b - 2*b. What is h(f)?
-3
Suppose -i = i + 4. Let t(z) be the second derivative of -2*z**3/3 - 3*z**2/2 - 179*z. Calculate t(i).
5
Let h be 19/(-4) + (-3)/12. Let w(m) = m**2 + 5*m + 2. What is w(h)?
2
Let s = -80 + 53. Let k = 26 + s. Let r(z) be the second derivative of z**5/10 - z**4/12 - z**3/3 - z**2/2 - z. Give r(k).
-2
Let g(k) be the third derivative of -k**8/20160 - k**7/1008 - k**6/240 + k**5/12 + 3*k**2. Let b(j) be the third derivative of g(j). Calculate b(-2).
3
Let b(v) = -v**2 - 4*v - 1. Let h be (17 + -18)*(-6)/(-2). What is b(h)?
2
Let m(g) = -g + 1. Let y(v) = -6*v + 5. Let a(k) = -5*m(k) + y(k). Calculate a(5).
-5
Suppose -3*h = h + 5*u + 25, -15 = -5*h + 3*u. Suppose -g - g = h. Let o(z) = -z**3 - z**2 - 7. Give o(g).
-7
Let z(d) be the first derivative of -d**3/3 - 3*d**2 - d + 38. Let i be (-1*3)/((-2)/(-2)). Calculate z(i).
8
Let v = 42 - 27. Suppose 3*b = 3 + v. Let a(u) = -u**3 + 6*u**2 + 6. What is a(b)?
6
Let n(g) = -4*g**3 + 9*g**2 - 7*g + 9. Let p(c) = 3*c**3 - 8*c**2 + 6*c - 8. Let d(j) = 2*n(j) + 3*p(j). Determine d(6).
18
Suppose x + 45 = 6*x + 5*h, 3*h + 8 = 2*x. Let t(f) = 3*f - x + 4 + 1 - f**2. What is t(2)?
0
Let v(u) = -6*u - 1 + 2*u + 2*u - 2. Let k(d) = d**2 + 5*d + 3. Let l be k(-5). Let n be (l - 0)/(2 - 1). What is v(n)?
-9
Let y(n) = n**2 - 1. Let o(r) = r**2 - r. Suppose -l = -3*l. Suppose h + 4*h - 5 = l, 5*z = 4*h - 9. Let g(b) = z*o(b) + 2*y(b). What is g(0)?
-2
Let r(b) = b**3 + b**2 + b. Suppose s - 20 = -4*s. Let h be -2 - -1 - s/4. Calculate r(h).
-6
Let t(q) = 3 + 4 - 4*q**2 + 4*q + 3*q**2. What is t(5)?
2
Let a(w) = 3*w - 1. Let y be a(1). Let o(c) = 2*c - 1. Let i be o(y). Let j(m) be the third derivative of m**4/24 - 2*m**3/3 + 2*m**2. Give j(i).
-1
Let z(t) be the second derivative of -t**3 + 0 + 5/2*t**2 + 1/12*t**4 + 4*t. Calculate z(4).
-3
Let u be (-10)/(-6) + (-2)/3. Let t(v) = 9*v - u - 10*v - 3. Give t(-4).
0
Let q = 10 + -8. Let s be q/6 + (-24)/(-9). Suppose -12 = -4*n + 5*m, -3*m - 18 = s*n - 0*m. Let k(a) = -a**3 - 3*a**2 - 2*a - 1. Give k(n).
-1
Let m(r) be the second derivative of -r**5/20 + 5*r**4/12 - 5*r**2/2 - 35*r. What is m(5)?
-5
Let f(q) = -11*q**3 - 1. Let g = -4 - -8. Suppose 0 = -3*l - 2*l + k - 2, g*l = k - 1. Calculate f(l).
10
Let q(n) = 6*n**2 + n. Let s be q(-1). Let j(p) = 4*p - p**2 - 2*p**2 - 1 - 3*p**2. Let i(t) = t**2 + 1. Let m(g) = -5*i(g) - j(g). What is m(s)?
1
Let y(u) = -u + 6. Let d(k) = 6*k - 30. Let f(w) = 4*d(w) + 21*y(w). What is f(-6)?
-12
Let h(q) = -2*q**2 + 3*q - 3. Let x be (56/(-7))/(-1 + 2). Let l = 10 + x. Give h(l).
-5
Let l(i) = -i + 5. Let d(x) = -x - 8. Let s be 1/3 - (-332)/12. Let k be 1/((-2)/s) - -2. Let t be d(k). What is l(t)?
1
Let d(b) = -6*b + 3. Suppose 0 = 4*m - m + 6. Let n(c) = -c. Let j(p) = m*n(p) + d(p). Calculate j(3).
-9
Let i(q) be the second derivative of -q**4/12 + q**3 + 4*q**2 + 13*q. What is i(6)?
8
Let z(f) = f**3 - 4*f**2 + 2*f. Suppose 2*u = 4*t - 2 - 0, u - 5*t = -7. Calculate z(u).
-3
Let v(i) be the second derivative of 2*i**3/3 - 13*i. Determine v(2).
8
Let t(h) be the third derivative of -3*h**2 + 0 - 1/60*h**5 + 0*h + 1/4*h**4 - 1/2*h**3. Calculate t(2).
5
Let w(r) = -6*r**2 + 0*r**2 - 2*r**2. Let k(y) be the third derivative of 4*y**5/15 + 4*y**2. Let v(o) = 3*k(o) + 5*w(o). What is v(1)?
8
Let s(r) = 2 + 5*r - 5*r - r**2. Let o(d) = -d**2 + d + 3. Let j(t) = 2*o(t) - 3*s(t). Determine j(2).
8
Let c(p) be the first derivative of -p**2 - 1. Suppose l = 2*f + 10 - 2, -3*l - 8 = 2*f. Suppose -4*t + 6*t - 6 = l. Give c(t).
-6
Let t(d) = -2*d - 3. Suppose -2*i + 3*h + 11 = 0, -h + 20 = -5*h. Give t(i).
1
Let t(w) be the third derivative of -w**5/60 + w**4/24 + 11*w**3/6 - 15*w**2. What is t(0)?
11
Suppose 58 - 56 = -q. Let r(m) be the second derivative of 5*m**3/6 + m**2 + 2*m. Determine r(q).
-8
Let x(m) = 5*m**2 - m. Let c be ((-84)/(-56))/(4/((-8)/(-3))). Give x(c).
4
Let v be ((-21)/6)/((-2)/(-4)). Let u(r) = 9*r**3 + 6*r - 10*r**3 - 6*r**2 + 1 + 2*r + 0. What is u(v)?
-6
Let z(r) = 6*r**2 + 2*r - 1. Suppose 10 = 2*f + 4*j, -6*f + 3*f = -5*j + 7. Suppose 0*x = -x + f. Calculate z(x).
7
Let v(r) = r**3 - r + 1. Let q be v(-2). Let z = q - -3. Let m(w) = 6*w + 1. Let d(y) = 7*y + 1. Let x(s) = 5*d(s) - 6*m(s). Determine x(z).
1
Let k(a) = a**3 + 4*a**2 + a - 1. Let d(t) = t**2 - 9*t - 4. Let u be d(9). Let m be k(u). Let j(q) = q**3 + 4*q**2 - 4*q + 1. Determine j(m).
-4
Let s(f) = f**3 - f + 5. Let q be s(0). Let d(g) be the first derivative of g**4/4 - 4*g**3/3 - 3*g**2 + 4*g - 1. Give d(q).
-1
Let y(w) = -1 - 3*w - w**2 + w - 3*w**2. Let v(s) = -s - 1. Let r = -4 + 4. Let t be v(r). What is y(t)?
-3
Let j(q) = -30*q + 4 - 32*q + 56*q + 4*q**2 - 3*q**2. Give j(3).
-5
Let n be (10/(-15))/((-1)/12). Let r(p) = -p**3 + 9*p**2 - 8*p + 3. Let z be r(n). Let s(q) = -q**3 + 2*q**2 - 2*q + 4. Give s(z).
-11
Let w(y) be the third derivative of y**4/24 + 5*y**2. What is w(0)?
0
Let r(c) = -5*c + 1. Let g = 110 - 113. Give r(g).
16
Let u(i) = -i**2 - 18*i + 63. Let z be u(-21). Let s(q) = q**2 + q - 1. Calculate s(z).
-1
Let f(d) be the third derivative of -1/12*d**5 + 1/12*d**4 - 1/120*d**6 + 0*d + 2*d**2 + 2/3*d**3 + 0. Suppose -2*j = -0*j + 10. Give f(j).
-6
Let t(w) = -w**3 + w + 8. Suppose 3*i - 6 = 0, 2*i + 0*i + 5 = -3*x. Let f be x/9*0*1. Suppose 2*q + 3*q = f. Determine t(q).
8
Suppose -59*f = -57*f. Let h(y) = y**3 - 1. Give h(f).
-1
Let v(h) = 5 - h + 1 - 2*h. Suppose 27 = b - 2*y, 3*b - 53 = -3*y + 37. Suppose -q - 18 = -3*a - a, -5*a = 2*q - b. What is v(a)?
-9
Let j(b) = -b**3 + 18*b**2 - 18*b + 12. Let p be j(17). Let t(m) = -m**3 - 5*m**2 + 2*m + 5. Calculate t(p).
-5
Let w = -86 + 82. Let j(h) = -h**2 - 5*h - 4. Determine j(w).
0
Let c be (-1 + (-9)/(-5))/(10/25). Let a(s) be the third derivative of 2*s**c + 1/3*s**3 + 0*s + 1/24*s**4 + 0 - 1/60*s**5. What is a(-2)?
-4
Suppose 2*c - 3*x = 1, 2*x + 3 = 2*c + 1. Let g(m) = 5*m**2 - 2*m**c - 3*m - 2*m**2 - 7. Determine g(5).
3
Suppose -3*k = 2*k + 2*b - 8, b = -4*k + 7. Let n(v) = k*v + 4 - 2*v - 3*v + 4*v - 4*v**2 - v**3. Give n(-3).
-8
Let o(r) be the second derivative of r**5/20 - r**4/12 - r**3/3 - 2*r**2 - 31*r. Let v = 9 + -6. Determine o(v).
8
Let m(i) = -i**2 - 9*i - 6. Suppose 21 = -t + 15. Give m(t).
12
Let g(o) = -o**3 + 5*o**2 - 5*o + 5. Let d be -3 - 3/6*-14. What is g(d)?
1
Let q(u) = 4*u**3 + 9*u**2 - 7*u - 2. Let t(p) = 5*p**3 + 10*p**2 - 8*p - 2. Let r(o) = -6*q(o) + 5*t(o). Determine r(3).
-1
Let z(b) = -b - 3. Let n be z(-4). Let l(p) = 0*p + 1 - n + 4*p + 2. Determine l(-2).
-6
Let o(x) = -x**2 + x + 2. Suppose 0 = -2*m + 3*j + 3 - 1, -8 = -4*j. Calculate o(m).
-10
Suppose -3*r - 4*j + 3 = -2*r, 3*r = 5*j - 8. Let g(f) = -3*f**3 + f - 2. Let x(h) = 12*h**3 - 5*h + 9. Let w(n) = 9*g(n) + 2*x(n). What is w(r)?
4
Let u be (-6)/21 + 30/7. Suppose 8 = -q + u. Let i(t) = -t**3 - 4 + 3*t - 3*t**2 + 4*t - 6*t. What is i(q)?
8
Let v(b) = b - 2. Let l(k) = -1. Let j(c) = -4*l(c) + 3*v(c). Suppose 0 = 3*i + 3. Let o = 1 - i. Give j(o).
4
Let g(t) = t**2 - 1. Let q(a) = 5*a**2 - 6*a - 1. Suppose -5*w = -4*w - 1. Let b be 20/2*6/(-15). Let i(h) = b*g(h) + w*q(h). Give i(4).
-5
Suppose -5*a = 3 - 8. L